- 5?
-54333232
In base 16, what is 0 - -1557651?
1557651
In base 11, what is -2 + -8047084?
-8047086
In base 3, what is 111 - 2201000100201?
-2201000100020
In base 11, what is -19 - 1589996?
-1589a04
In base 11, what is 15 - -4134546?
4134560
In base 3, what is -101 + 21200220022?
21200212221
In base 10, what is -5362595 + -3?
-5362598
In base 10, what is 2017 - -1751?
3768
In base 6, what is -41 + 2144031?
2143550
In base 15, what is 1ac61d60 - 5?
1ac61d5a
In base 16, what is -13e - 46d2?
-4810
In base 11, what is 15 + -269889?
-269874
In base 12, what is 27 - 2779a?
-27773
In base 5, what is -11 - 1224024400?
-1224024411
In base 8, what is 1021117 + -57?
1021040
In base 4, what is 3102020003 + -21?
3102013322
In base 4, what is 11000201012 + -22?
11000200330
In base 15, what is -1772 + -2e89?
-470b
In base 2, what is 1011000010011001 - -1010011?
1011000011101100
In base 3, what is -22221202100 - 211?
-22221210011
In base 12, what is 5 - 72361b0?
-72361a7
In base 10, what is 15378 + 100?
15478
In base 3, what is 10110010201001 + -100010?
10110010100221
In base 7, what is 225 + -125110?
-124552
In base 3, what is 10 + -11022120102111212?
-11022120102111202
In base 7, what is 1241303012 + -1?
1241303011
In base 10, what is -232942 + -738?
-233680
In base 16, what is -16b3 - -cb4?
-9ff
In base 12, what is -346 + ba45?
b6bb
In base 10, what is -6 + 13406475?
13406469
In base 3, what is 1002012000012201 + -10?
1002012000012121
In base 16, what is -59 - 54834b?
-5483a4
In base 12, what is -15 - 2a3b27?
-2a3b40
In base 7, what is 32530556036 + 3?
32530556042
In base 2, what is -100001 + -11010111010101001100?
-11010111010101101101
In base 3, what is -121112 - -2212112112?
2211221000
In base 11, what is -17a - 1212a?
-122a9
In base 6, what is 415050 - -1221?
420311
In base 15, what is -a + -30860?
-3086a
In base 16, what is 30 - 600c2?
-60092
In base 6, what is 2035010 - -50?
2035100
In base 15, what is -d4 + cb35?
ca51
In base 5, what is 11 - -1142234431?
1142234442
In base 3, what is 222200111211 + 210?
222200112121
In base 16, what is -8 - 3147a?
-31482
In base 6, what is -11025224 + 2430?
-11022354
In base 15, what is -527453e - 1?
-5274540
In base 9, what is -5 + 26411251?
26411245
In base 15, what is 1278352 + c?
127835e
In base 6, what is -252101414 - 31?
-252101445
In base 6, what is -1042151435 + -32?
-1042151511
In base 12, what is -7 + -50b6306?
-50b6311
In base 4, what is -301213102 + -1?
-301213103
In base 16, what is -593973 - -4?
-59396f
In base 5, what is -403203 - -444?
-402204
In base 12, what is -86924b7 - 12?
-8692509
In base 4, what is 132113 + 302313?
1101032
In base 6, what is 11 + 51553354?
51553405
In base 3, what is 100000 + 201222120020?
201222220020
In base 6, what is 1033202 + 22332?
1055534
In base 8, what is 2 - 12375311?
-12375307
In base 5, what is 1 - 4402242134?
-4402242133
In base 5, what is -2133 + -3134220?
-3141403
In base 11, what is -42006 - 33?
-42039
In base 2, what is 11111 + 1011110000000110001000?
1011110000000110100111
In base 7, what is 343614 + 162?
344106
In base 4, what is -22103310023 + 111?
-22103303312
In base 2, what is -110000111 - 10011011000101100?
-10011011110110011
In base 12, what is 9b7a10 + 5?
9b7a15
In base 7, what is -1115543 - -602?
-1114641
In base 2, what is 1011 + -10110100001000010100?
-10110100001000001001
In base 11, what is 190a49436 + 4?
190a4943a
In base 12, what is -a00a + 6440?
-378a
In base 16, what is -8657f5a - -4?
-8657f56
In base 12, what is -8b544 + -362?
-8b8a6
In base 2, what is -10001010111111001 - -1001111100?
-10001001101111101
In base 10, what is -530782 - -31?
-530751
In base 11, what is -3 - 786144?
-786147
In base 15, what is -30d8 + 1627?
-19b1
In base 11, what is 16 - -84838?
84853
In base 7, what is -410660660 + 1?
-410660656
In base 13, what is 1 - ac4188?
-ac4187
In base 16, what is -7bc4 - -c9?
-7afb
In base 3, what is -10001 - -1012200111002?
1012200101001
In base 11, what is 51 - -2a7743?
2a7794
In base 10, what is 669 - 111897?
-111228
In base 12, what is -32 + -12276a?
-1227a0
In base 11, what is 155766 - -2308?
157a73
In base 16, what is 4d10c - -4?
4d110
In base 6, what is 0 + 23355544110?
23355544110
In base 15, what is 4a + -2ac867?
-2ac81c
In base 9, what is 25613 - -13578?
40302
In base 15, what is 4ca3 - 48ec?
3a6
In base 10, what is 107 - 456215?
-456108
In base 2, what is 101011 - -11110011100011101?
11110011101001000
In base 4, what is -22 + -211332?
-212020
In base 15, what is -2ae0 - -aa07?
7e17
In base 13, what is -45ba797 + 2c?
-45ba768
In base 11, what is -225 - -340a1?
33977
In base 16, what is 0 - aa62888?
-aa62888
In base 16, what is -4 - 59921?
-59925
In base 16, what is a8 + 164e9?
16591
In base 4, what is 10331223 - 103011131?
-32013302
In base 8, what is -521263410 + 1?
-521263407
In base 12, what is -773a0b2 - -4?
-773a0aa
In base 16, what is -99 + -1b0ac?
-1b145
In base 8, what is -22 + -22105037?
-22105061
In base 9, what is 1043504 + 115?
1043620
In base 13, what is -8 - c07b355?
-c07b360
In base 10, what is 44961 + -39?
44922
In base 12, what is -4889 + -759?
-5426
In base 8, what is -6207 + 2064?
-4123
In base 2, what is 1100000011011100101011 - 100?
1100000011011100100111
In base 13, what is -56 + 35c992?
35c939
In base 3, what is -11001110 - -22100121211?
22012120101
In base 6, what is 443 - -15353?
20240
In base 6, what is 204213 - -1115?
205332
In base 14, what is -21199c48 + -4?
-21199c4c
In base 2, what is 100 - 101001000101001?
-101001000100101
In base 11, what is -180a679 - 32?
-180a700
In base 3, what is -1020021120020020221 + -12?
-1020021120020021010
In base 13, what is 85 - 77ac8?
-77a43
In base 14, what is 4049 + 9b0?
4a19
In base 16, what is 5 + 35fc972?
35fc977
In base 11, what is -1217 - 324?
-1540
In base 15, what is -21bc4c2 + 3?
-21bc4be
In base 8, what is 4616167 + 132?
4616321
In base 10, what is 8471 - 95298?
-86827
In base 6, what is 14 + -4230034154?
-4230034140
In base 8, what is 53 + -2051444?
-2051371
In base 6, what is -20144 + 1342345?
1322201
In base 5, what is -14103004441 + -21?
-14103010012
In base 10, what is 7 - 93298?
-93291
In base 13, what is 1c3a613 - -3?
1c3a616
In base 10, what is 7623 + 14840?
22463
In base 11, what is -134 - 16277?
-16400
In base 16, what is -28bd0f + -14?
-28bd23
In base 14, what is 4 + 88cb676?
88cb67a
In base 9, what is 58874805 - -3?
58874808
In base 6, what is -2015351050 - 13?
-2015351103
In base 6, what is -3210001 + 225?
-3205332
In base 11, what is 2 - 199a1807?
-199a1805
In base 8, what is 72 + -306532?
-306440
In base 3, what is -11221110 + 222010?
-10222100
In base 9, what is 308 + -38806?
-38487
In base 3, what is 11 + 212121220101221?
212121220102002
In base 16, what is -b1865e - 5?
-b18663
In base 3, what is 1020222022 - -1?
1020222100
In base 14, what is -405d - -3119?
-d44
In base 11, what is 6a - -602209?
602278
In base 13, what is 10a06 + -1687?
c34c
In base 16, what is 1bdb7 - -58?
1be0f
In base 16, what is 6617 - -283?
689a
In base 12, what is -43 - -76169a?
761657
In base 5, what is -444024 + 14044?
-424430
In base 15, what is -c1ed5d + -3?
-c1ed61
In base 11, what is -121053 - 1?
-121054
In base 11, what is -20 + 2640509?
2640499
In base 5, what is -3431031200 - 1?
-3431031201
In base 10, what is 44 + -16665528?
-16665484
In base 14, what is -48445 - -68?
-483bb
In base 15, what is 38a3 + -7d3d?
-448a
In base 16, what is -15 - 2662ed1?
-2662ee6
In base 3, what is -2110 + 100002022?
22222212
In base 11, what is -a355a84 - -2?
-a355a82
In base 13, what is -197 - -131?
-66
In base 10, what is 295091 - 72?
295019
In base 11, what is -26 + -899909?
-899934
In base 5, what is 100010042 + -404?
100004133
In base 10, what is 180 + 4960?
5140
In base 2, what is 11110100011 - -10010011?
100000110110
In base 16, what is -eee - -ae?
-e40
In base 6, what is -1012 - -401041?
400025
In base 14, what is 4 - 1bcd04a?
-1bcd046
In base 11, what is 5 - -95900130?
95900135
In base 3, what is 20000 + -1110120220101?
-1110120200101
In base 16, what is 1e6ed096 - -2?
1e6ed098
In base 10, what is -76 + 58949?
58873
In base 2, what is 10110010011111 + -1000101010111001?
-101111000011010
In base 13, what is -210420 + 1?
-21041c
In base 14, what is 2 - 5648ba8?
-5